usands digit of 97380083?
8
What is the tens digit of 274944145?
4
What is the billions digit of 4993002468?
4
What is the thousands digit of 1671019404?
9
What is the millions digit of 257288690?
7
What is the billions digit of 6902444258?
6
What is the hundred thousands digit of 29964231?
9
What is the hundred millions digit of 1852883938?
8
What is the hundred millions digit of 112441176?
1
What is the ten thousands digit of 86343972?
4
What is the hundred thousands digit of 691162952?
1
What is the hundreds digit of 253144483?
4
What is the millions digit of 4050798051?
0
What is the ten millions digit of 34422040?
3
What is the hundred thousands digit of 240687241?
6
What is the millions digit of 17469732?
7
What is the tens digit of 299867480?
8
What is the ten millions digit of 699398754?
9
What is the tens digit of 203670230?
3
What is the thousands digit of 69147181?
7
What is the units digit of 629758063?
3
What is the ten millions digit of 1450535432?
5
What is the ten thousands digit of 188901179?
0
What is the units digit of 106796671?
1
What is the ten millions digit of 8561655438?
6
What is the tens digit of 42289913?
1
What is the thousands digit of 939829050?
9
What is the hundreds digit of 1396576726?
7
What is the tens digit of 3093210179?
7
What is the hundred thousands digit of 280061150?
0
What is the hundreds digit of 34330338?
3
What is the millions digit of 48836533?
8
What is the hundreds digit of 86964457?
4
What is the units digit of 132969225?
5
What is the thousands digit of 1666997397?
7
What is the thousands digit of 1756912953?
2
What is the units digit of 2456155?
5
What is the hundreds digit of 171589885?
8
What is the units digit of 85914417?
7
What is the hundred thousands digit of 25003438?
0
What is the hundreds digit of 20461714?
7
What is the thousands digit of 46154642?
4
What is the ten thousands digit of 865631862?
3
What is the hundred thousands digit of 14258057?
2
What is the ten thousands digit of 3267500090?
0
What is the units digit of 2774166?
6
What is the hundred millions digit of 2046678226?
0
What is the hundred thousands digit of 3073887950?
8
What is the millions digit of 57537940?
7
What is the thousands digit of 59855502?
5
What is the hundreds digit of 236920363?
3
What is the hundreds digit of 53411963?
9
What is the hundreds digit of 16675889?
8
What is the hundred millions digit of 1155534997?
1
What is the billions digit of 1353003025?
1
What is the hundreds digit of 208171758?
7
What is the hundred thousands digit of 1841908971?
9
What is the hundreds digit of 4412337519?
5
What is the millions digit of 30574806?
0
What is the millions digit of 201757367?
1
What is the hundreds digit of 1130528167?
1
What is the tens digit of 208329772?
7
What is the hundred millions digit of 198129326?
1
What is the ten millions digit of 394800768?
9
What is the tens digit of 86397617?
1
What is the thousands digit of 1473631918?
1
What is the units digit of 2975632165?
5
What is the hundreds digit of 326117826?
8
What is the ten thousands digit of 91203708?
0
What is the thousands digit of 3854975?
4
What is the hundred thousands digit of 3260309762?
3
What is the units digit of 1608111793?
3
What is the millions digit of 81409895?
1
What is the thousands digit of 125722085?
2
What is the hundreds digit of 691306137?
1
What is the hundreds digit of 2024424908?
9
What is the units digit of 65447673?
3
What is the millions digit of 2070692973?
0
What is the ten thousands digit of 2891117245?
1
What is the units digit of 4190202863?
3
What is the thousands digit of 580824974?
4
What is the ten millions digit of 1727786502?
2
What is the ten thousands digit of 828498651?
9
What is the units digit of 139701891?
1
What is the hundred thousands digit of 9406899?
4
What is the hundred thousands digit of 68855203?
8
What is the thousands digit of 67127969?
7
What is the hundreds digit of 264134653?
6
What is the tens digit of 33707378?
7
What is the hundred thousands digit of 1504790674?
7
What is the tens digit of 2809897410?
1
What is the millions digit of 1994826303?
4
What is the ten thousands digit of 876425571?
2
What is the hundred thousands digit of 44129101?
1
What is the hundred thousands digit of 1767125308?
1
What is the ten millions digit of 143433162?
4
What is the thousands digit of 138565054?
5
What is the units digit of 78961124?
4
What is the hundreds digit of 1535999477?
4
What is the tens digit of 16860380?
8
What is the billions digit of 3645443229?
3
What is the units digit of 2925385?
5
What is the hundred millions digit of 404765156?
4
What is the hundred thousands digit of 383480962?
4
What is the ten thousands digit of 91145485?
4
What is the hundred thousands digit of 46639316?
6
What is the hundreds digit of 1069317462?
4
What is the hundred thousands digit of 4540170645?
1
What is the hundred millions digit of 273665717?
2
What is the units digit of 1443455812?
2
What is the thousands digit of 1239731312?
1
What is the billions digit of 1440562582?
1
What is the thousands digit of 477036616?
6
What is the ten thousands digit of 165254798?
5
What is the hundred thousands digit of 932937332?
9
What is the tens digit of 3145742?
4
What is the hundreds digit of 403612908?
9
What is the hundred thousands digit of 88169655?
1
What is the units digit of 22116972?
2
What is the ten thousands digit of 26756264?
5
What is the hundred thousands digit of 32331413?
3
What is the billions digit of 1680917066?
1
What is the ten millions digit of 296210744?
9
What is the units digit of 6390899368?
8
What is the tens digit of 4340696057?
5
What is the millions digit of 3975176176?
5
What is the ten thousands digit of 45534226?
3
What is the millions digit of 72713657?
2
What is the thousands digit of 83489205?
9
What is the millions digit of 162618219?
2
What is the ten millions digit of 2431645062?
3
What is the thousands digit of 17050528?
0
What is the billions digit of 1010712588?
1
What is the ten millions digit of 105809742?
0
What is the tens digit of 14069734?
3
What is the hundred thousands digit of 6747117?
7
What is the thousands digit of 236187028?
7
What is the units digit of 17738494?
4
What is the ten millions digit of 152245789?
5
What is the millions digit of 49538701?
9
What is the thousands digit of 136783757?
3
What is the billions digit of 1850266021?
1
What is the millions digit of 2127370922?
7
What is the hundreds digit of 787670633?
6
What is the hundred thousands digit of 146149012?
1
What is the hundred thousands digit of 118634266?
6
What is the tens digit of 1865041735?
3
What is the thousands digit of 201639363?
9
What is the hundred thousands digit of 4794544939?
5
What is the hundred thousands digit of 23545760?
5
What is the hundred thousands digit of 2163511413?
5
What is the hundred thousands digit of 159043583?
0
What is the units digit of 54525220?
0
What is the hundred thousands digit of 228499487?
4
What is the tens digit of 2276128994?
9
What is the hundred millions digit of 167205363?
1
What is the tens digit of 5966941178?
7
What is the ten millions digit of 1292298621?
9
What is the ten millions digit of 52874939?
5
What is the millions digit of 124221337?
4
What is the tens digit of 976152690?
9
What is the hundreds digit of 1352579829?
8
What is the millions digit of 927309976?
7
What is the millions digit of 732098146?
2
What is the units digit of 7704400625?
5
What is the thousands digit of 1581327903?
7
What is the billions digit of 2713591947?
2
What is the units digit of 38089539?
9
What is the ten millions digit of 78383431?
7
What is the ten millions digit of 30155422?
3
What is the ten millions digit of 2297440743?
9
What is the tens digit of 297711748?
4
What is the billions digit of 1021223653?
1
What is the ten thousands digit of 247823682?
2
What is the tens digit of 714680072?
7
What is the ten millions digit of 464217383?
6
What is the millions digit of 1746161623?
6
What is the hundred millions digit of 143876187?
1
What is the millions digit of 1064459160?
4
What is the millions digit of 849431088?
9
What is the tens digit of 57598442?
4
What is the tens digit of 58207616?
1
What is the hundreds digit of 71279229?
2
What is th